). Let y be i + -4 - (20 - 3). Is (-15)/y - 1937/(-4) a composite number?
True
Suppose -440040 = 6*h + 223584. Let r be h/15 - 2/5. Is 3/(-12) + r/(-24) composite?
False
Let p be -4 + (7 - 3) + 4. Suppose 2*u - 818 = -2*g, -p*g + 124 = -5*u + 2205. Suppose 11*a - 10*a - u = 0. Is a a composite number?
True
Let r = 176 + -101. Let s be -1*(-2 - (-1 + 1)). Suppose 0 = -s*k - h + 5*h + 18, -5*k + 4*h + r = 0. Is k a composite number?
False
Suppose -6*t + 6 + 6 = 0. Suppose 0 = -t*o - 107 + 529. Is o composite?
False
Suppose 4*d = -5*u + 3182, 3*d + 1009 = 5*u + 3378. Is d composite?
True
Let o(i) = 30*i**2 - 2*i + 2. Let k be -3 - (2 - 8 - -1). Suppose -8 = -k*m - 2*m. Is o(m) prime?
False
Let k(a) = -a + 3. Let u be k(-1). Suppose -s = 2*c - 3*c + 279, 1114 = u*c - 3*s. Is c composite?
False
Let x = 163 - -95. Let u = x + 231. Is u composite?
True
Let g = -1302 - -13591. Is g a composite number?
False
Let b(h) = -186*h - 2. Let d be b(11). Let u = -2408 - -5453. Let k = d + u. Is k prime?
True
Let i(p) = -p**3 + 22*p**2 + 24*p - 21. Let f be i(23). Is f/(-12) - (0 + (-281048)/48) prime?
False
Let h(v) = -v**3 + v**2 - 31. Let x be h(0). Let l be x/(-7) - (-8)/14. Suppose 288 = l*a - b, 3*a - 140 = 5*b + 24. Is a a composite number?
True
Let x = -37 + 87. Suppose 0 = x*j - 47*j - 3291. Is j a prime number?
True
Let q(f) = f**2 + 9*f + 7. Let s be q(-8). Is (1*-256)/s + 1 composite?
False
Let j(m) be the third derivative of m**5/60 - m**4/12 + m**3/3 + 6*m**2. Is j(9) a prime number?
False
Suppose 4*r = p - 6*p - 26, 5*r + 28 = -4*p. Let j be (0 - p)/(6/2517). Suppose 0 = 3*m - 40 - j. Is m composite?
False
Let x(a) = 5*a**2 - 3*a - 5. Let q be x(-13). Suppose 6*y = 3*y + q. Is y composite?
False
Let m = 18692 + -10975. Is m prime?
True
Suppose 2*c = 5*g + 17, 2*g + 4 = c - 6. Let f = c - -495. Is f prime?
False
Let v(p) = -39*p + 36. Let l be v(-20). Let s = 1129 + l. Is s composite?
True
Is 3820/45*114 + 1/(-3) a prime number?
True
Let x(g) = -g**3 + 42*g**2 + 11*g - 15. Is x(31) composite?
True
Is (28042/(-3))/((-24)/36) composite?
True
Suppose 0 = -p + 3*c + 3, -5*c = -4*p - c - 12. Let u be 58/(-8) + p/(-24). Let w(d) = -18*d - 5. Is w(u) composite?
True
Let p be (-2)/7 + 24/(-14). Let z be (p/3)/(2/(-6)). Suppose -79 = -z*k + k. Is k composite?
False
Let v be 9 + -6 - 0/(-2). Let m(n) = -4*n - 2 + v + 5*n + 143*n**2 - 2. Is m(1) a composite number?
True
Suppose -15*l + 6*l = -70083. Is l prime?
False
Is (-129332)/(-14) + (2 - 1) a prime number?
True
Suppose 6*h = 182904 + 330. Is h composite?
False
Let j = 4144 + -2583. Is j composite?
True
Suppose 3*x - 13 = -3*m + 113, -48 = -x - 4*m. Suppose 40*b + 399 = 59*b. Let r = x - b. Is r a prime number?
True
Suppose 2 = 3*r + 2. Suppose 105 = 2*a + o, -4*a - 4*o + 75 + 125 = r. Is a prime?
False
Suppose -4*j + 31 - 15 = 0. Suppose -14*x + 6830 = -j*x. Is x prime?
True
Let w(a) = a. Let t(s) = 107*s - 21. Let h(q) = -t(q) - 5*w(q). Is h(-5) a composite number?
True
Suppose 1 + 15 = -4*o, 3*o = -n + 704. Let p = 1138 - n. Suppose -p = f - 3*f. Is f a composite number?
False
Let t(z) = 1258*z + 137. Is t(23) a prime number?
False
Let p(u) = -177*u - 40. Is p(-23) composite?
True
Let u be -1 + 3 + 0/11. Suppose 4*r + 568 = u*r. Is r*(-2 + 9/12) composite?
True
Let d be (6/4)/((-3)/6) + 630. Let v = -238 + d. Is v prime?
True
Suppose -60*j = -58*j - 8. Let o = 7 + 0. Suppose -j*k - 861 = -o*k. Is k composite?
True
Suppose 27300 = 8*g + 2036. Is g composite?
True
Suppose 0 = -12*k - 2*k - k. Suppose -4*x = s - 2*s + 26, 0 = -5*s + x + 35. Suppose k = i - 3*l - 415, l - s*l + 1995 = 5*i. Is i a prime number?
False
Let z(b) = b + 1. Let l(p) = -14*p - 11. Let v(c) = l(c) + 6*z(c). Let m = -4 - -1. Is v(m) a prime number?
True
Is 6/(-48) + (-46185)/(-8) a prime number?
False
Is 5/(-20)*-28 - -10420 a composite number?
False
Suppose 2*t + 2*j = 3896 + 1940, -3*j - 14614 = -5*t. Is t composite?
True
Suppose -6*t = -2*t, 4*g = -4*t + 296. Let w be g/7 - 21/(-49). Let r(i) = -i**2 + 13*i + 3. Is r(w) a composite number?
True
Let y(r) = -18*r - 11. Let m(q) = 17*q + 9. Let a(o) = 6*m(o) + 5*y(o). Let c be 3/(-6)*-2*1. Is a(c) composite?
False
Let h(g) = -3*g**2 - 4*g - 1. Suppose 3*x = 5*i + 6, i + 2 + 4 = -x. Let s be h(x). Let m(k) = -14*k - 13. Is m(s) composite?
False
Suppose 15*z - 52357 = 52688. Is z a prime number?
False
Suppose 2*m - 228019 = -4*r + 389055, -4*r - 3*m + 617077 = 0. Is r composite?
False
Suppose 2*n - 35735 = 3*y, 7*y = 5*y - 6. Is n a prime number?
True
Let g(u) = -1893*u**3 + 3*u**2 + u + 16. Is g(-3) a composite number?
False
Let l(f) = 992*f + 117. Is l(10) composite?
False
Let q(n) be the second derivative of -n**3/6 - 9*n**2/2 + 6*n. Let p be q(-16). Suppose -p*o = -4*o - 759. Is o a prime number?
False
Let n = 56 - 54. Suppose n*o - 4343 = -3*b, 3*o = 4*o + 5. Is b a composite number?
False
Suppose 5*m = 2*k + 7299, k + 695 + 2224 = 2*m. Is m a composite number?
True
Let d = -1684 - -6387. Is d a prime number?
True
Let h be 1 - (-4 - -2)*-1. Let v(y) = 394*y**2 - 3*y - 2. Is v(h) a composite number?
True
Is ((1 + -13759)/6)/(-1) a prime number?
True
Let g(k) = -6*k + 24. Let h(w) = w - 2. Let f be h(8). Let r be g(f). Is ((-333)/r)/(12/32) a prime number?
False
Suppose -b + 3*a + 202 = 0, 4*b + 0*a - 792 = 4*a. Suppose b = -4*i + 2960. Let c = i - 452. Is c a composite number?
False
Let b be (-21)/6*((-24)/(-21))/(-2). Suppose 751 = b*k - 531. Is k prime?
True
Let h(t) = 3*t + 12. Let s be h(-6). Let j(y) = -960*y + 29. Is j(s) a composite number?
True
Suppose -3*z + 152639 - 54345 = m, -5*m = 3*z - 491482. Is m a prime number?
True
Suppose 4*x + 6 = 6*x. Let s(y) = 199*y - 10. Is s(x) composite?
False
Suppose 34 - 1 = -11*d. Is (d + 1408)*(-2 + 3) a prime number?
False
Suppose -22*a + 491581 = 124863. Is a a composite number?
True
Suppose -2*t - 1514 = -4*t. Let v = -522 + t. Is v prime?
False
Let y(t) = 4925*t - 16. Is y(3) prime?
True
Suppose 3*z = z + 186. Let d(t) = z*t + 3*t + 14 - 43*t + 58*t. Is d(7) a prime number?
False
Suppose 0 = 4*x - 2*t - 25882, 5*x = 8*t - 5*t + 32354. Is x a prime number?
True
Let x be (-5)/(30/(-68))*-3. Let q = x - -30. Is (-8 + 22)/(q/(-106)) composite?
True
Let q = 7261 + -4556. Is q prime?
False
Suppose -x + 42 = -43. Suppose x*k - 422 = 83*k. Is k a composite number?
False
Let r(x) = 3*x - 14. Let h be r(6). Suppose y = h*y - 1353. Is y a prime number?
False
Let l(z) = -z**2 - 27*z + 32. Let v be l(-28). Suppose w + 2*p - 181 = -3*p, 2*w - v*p = 306. Is w a prime number?
False
Let o(n) = -29*n - 22. Let t(a) = 57*a + 45. Let j(g) = -7*o(g) - 3*t(g). Let p = 11 + 6. Is j(p) composite?
False
Suppose -4*q + 632 = -27524. Is q prime?
True
Is 5162*(0 + 2*1/4) a prime number?
False
Suppose -3*x - 9 = -0*x. Let v be (x - (-3 + 2)) + 10. Is 4/v + (-314)/(-4) composite?
False
Let m = 1231 + -530. Is m composite?
False
Suppose -d - d + 1614 = 0. Let n = -548 + d. Is n prime?
False
Let b = -7 - -12. Let l(a) = 4*a**3 + 2*a + 2. Let s be l(3). Suppose -z - 120 = -2*z - b*f, -z - f + s = 0. Is z composite?
True
Is 909174/126*(2 + 1) a composite number?
False
Suppose 0 = 9*n + 3246 - 203109. Is n composite?
True
Let n(p) = -6136*p - 237. Is n(-5) a prime number?
False
Is 245298/(-28)*-2 + (-30)/105 a prime number?
False
Let x be (-3)/(-1 - (-2 + 2)). Suppose 7 = 5*m - 7*z + x*z, -8 = -4*z. Suppose -4*u + 199 = s, m*s - 2*u - 612 = u. Is s composite?
True
Let t(d) = 131*d**3 + d**2 - d + 1. Let v be t(1). Suppose -s = -p + 144, v + 561 = 5*p + 4*s. Is p composite?
True
Let x(f) = 179*f - 3. Let u be x(2). Let p = u - -706. Is p prime?
True
Suppose 8*y - 565097 = -9*y. Is y a prime number?
False
Let y = -10 - -10. Suppose 3*h - 7845 = -y*h. Suppose -3*j = 4*d - 1955, 7*j - 3*d - h = 3*j. Is j a prime number?
True
Suppose -34 = 4*h + x - 2, 0 = -3*h + 4*x - 43. Let u(q) = -12*q - 15. Is u(h) composite?
True
Let h be 11851/2 - ((-7)/14)/1. Is h/(6*5/15) prime?
True
Let x = 34968 + -23771. Is x a composite number?
False
Let p = 53 - 51. Suppose n + 1175 = 2*r, -p*n + 217 = r - 368. Is r prime?
True
Let n = -178453 - -97783. Is 3/15 + n/(-25) prime?
False
Is 20/5 - (-2 + -20281 + 4) composite?
True
Let c = -37 - -39. Is (c/3 + -1)/(15/(-53775)) a composit